
69
What is the remainder when 160037 is divided by 159389?
648
What is the remainder when 4173941 is divided by 3101?
3096
What is the remainder when 65315856 is divided by 1389699?
3
What is the remainder when 20072319 is divided by 3511?
3443
Calculate the remainder when 712450 is divided by 133.
102
Calculate the remainder when 483228 is divided by 2966.
2736
Calculate the remainder when 130615 is divided by 2037.
247
What is the remainder when 16442875 is divided by 4?
3
Calculate the remainder when 36616 is divided by 94.
50
Calculate the remainder when 32531052 is divided by 388.
356
What is the remainder when 5254932 is divided by 283?
188
Calculate the remainder when 5756890 is divided by 27027.
139
What is the remainder when 252708 is divided by 6829?
35
What is the remainder when 2012558 is divided by 5498?
290
Calculate the remainder when 238144573 is divided by 129.
124
Calculate the remainder when 10619502 is divided by 8.
6
Calculate the remainder when 6070057 is divided by 319476.
13
Calculate the remainder when 65278 is divided by 4098.
3808
Calculate the remainder when 3534010 is divided by 4560.
10
What is the remainder when 10855594 is divided by 840?
274
What is the remainder when 6207681 is divided by 2339?
2314
Calculate the remainder when 144331 is divided by 864.
43
Calculate the remainder when 11821 is divided by 1054.
227
Calculate the remainder when 131265 is divided by 1728.
1665
Calculate the remainder when 714182 is divided by 1725.
32
Calculate the remainder when 5272596 is divided by 45.
36
What is the remainder when 16698748 is divided by 1525?
1523
Calculate the remainder when 13007721 is divided by 410.
61
Calculate the remainder when 451 is divided by 43.
21
What is the remainder when 26749 is divided by 4008?
2701
Calculate the remainder when 12883938 is divided by 768.
738
What is the remainder when 14392348 is divided by 27?
25
Calculate the remainder when 29801228 is divided by 5243.
16
What is the remainder when 43084303 is divided by 96?
79
Calculate the remainder when 156936567 is divided by 930.
927
What is the remainder when 167876 is divided by 10?
6
What is the remainder when 297778 is divided by 4977?
4135
What is the remainder when 588982 is divided by 7997?
5201
What is the remainder when 90577590 is divided by 166?
22
Calculate the remainder when 648906 is divided by 3441.
1998
What is the remainder when 509049 is divided by 197?
1
Calculate the remainder when 52693867 is divided by 50.
17
What is the remainder when 74546 is divided by 4136?
98
Calculate the remainder when 2847985 is divided by 569589.
40
Calculate the remainder when 24133 is divided by 731.
10
What is the remainder when 7234841 is divided by 45?
11
Calculate the remainder when 961248 is divided by 961214.
34
What is the remainder when 18490 is divided by 4619?
14
Calculate the remainder when 10208164 is divided by 360.
4
Calculate the remainder when 1930629 is divided by 78.
51
What is the remainder when 20669380 is divided by 565?
550
Calculate the remainder when 100901 is divided by 1866.
137
Calculate the remainder when 342763577 is divided by 86.
85
What is the remainder when 502068 is divided by 167176?
540
What is the remainder when 127207895 is divided by 2667?
2663
What is the remainder when 18804344 is divided by 1098?
1094
Calculate the remainder when 3843901 is divided by 32.
29
What is the remainder when 12417 is divided by 1305?
672
What is the remainder when 779330 is divided by 12987?
110
What is the remainder when 17338271 is divided by 28?
27
Calculate the remainder when 1772312 is divided by 221317.
1776
What is the remainder when 1285634905 is divided by 9?
7
What is the remainder when 6381236 is divided by 5188?
5184
What is the remainder when 20372080 is divided by 407?
102
Calculate the remainder when 70694970 is divided by 192.
186
Calculate the remainder when 66056 is divided by 21796.
668
What is the remainder when 121808 is divided by 2002?
1688
What is the remainder when 3228032 is divided by 230565?
122
Calculate the remainder when 61642 is divided by 61629.
13
Calculate the remainder when 68075 is divided by 32278.
3519
Calculate the remainder when 3918970 is divided by 63.
55
What is the remainder when 4366945 is divided by 63?
37
Calculate the remainder when 20631508 is divided by 2912.
2900
Calculate the remainder when 2100166 is divided by 525037.
18
What is the remainder when 112675 is divided by 5924?
119
Calculate the remainder when 11680589 is divided by 1668654.
11
Calculate the remainder when 235810049 is divided by 10724.
13
Calculate the remainder when 55833 is divided by 13856.
409
What is the remainder when 10353494 is divided by 508?
454
Calculate the remainder when 1310244 is divided by 35.
19
Calculate the remainder when 3754056 is divided by 78.
72
Calculate the remainder when 551096 is divided by 3167.
38
What is the remainder when 10122538 is divided by 9924?
58
Calculate the remainder when 484586 is divided by 69199.
193
Calculate the remainder when 629410 is divided by 279.
265
What is the remainder when 3220911 is divided by 11301?
126
Calculate the remainder when 2714913 is divided by 161.
131
What is the remainder when 44357 is divided by 2322?
239
Calculate the remainder when 167625 is divided by 7628.
7437
What is the remainder when 20342 is divided by 10112?
118
What is the remainder when 86978 is divided by 14203?
1760
Calculate the remainder when 989890 is divided by 17676.
34
Calculate the remainder when 75044 is divided by 3752.
4
Calculate the remainder when 5185301 is divided by 92.
89
Calculate the remainder when 123657995 is divided by 7274.
7269
What is the remainder when 597528 is divided by 119504?
8
What is the remainder when 536064 is divided by 133982?
136
Calculate the remainder when 9425 is divided by 8270.
1155
Calculate the remainder when 2586595 is divided by 116.
27
Calculate the remainder when 15065511 is divided by 1415.
6
Calculate the remainder when 106463 is divided by 2884.
2639
Calculate the remainder when 48909914 is divided by 2198.
18
What is the remainder when 7593 is divided by 3878?
3715
Calculate the remainder when 788849 is divided by 157738.
159
What is the remainder when 43495787 is divided by 14498592?
11
Calculate the remainder when 433993 is divided by 144.
121
What is the remainder when 17914052 is divided by 19?
16
Calculate the remainder when 29887 is divided by 5827.
752
What is the remainder when 1241099 is divided by 700?
699
Calculate the remainder when 120957897 is divided by 478.
475
Calculate the remainder when 84382 is divided by 83895.
487
What is the remainder when 598405 is divided by 4748?
157
What is the remainder when 8558647 is divided by 129?
13
What is the remainder when 2221480 is divided by 1110720?
40
Calculate the remainder when 17304652 is divided by 110.
2
What is the remainder when 151954384 is divided by 101?
86
What is the remainder when 438966 is divided by 109467?
1098
Calculate the remainder when 6197032 is divided by 9698.
10
What is the remainder when 90223692 is divided by 102063?
0
Calculate the remainder when 2962278 is divided by 1362.
1290
What is the remainder when 8440 is divided by 915?
205
Calculate the remainder when 209134174 is divided by 141.
13
Calculate the remainder when 87227 is divided by 6673.
478
Calculate the remainder when 174284 is divided by 82484.
9316
Calculate the remainder when 1915285 is divided by 383056.
5
Calculate the remainder when 369745 is divided by 63.
61
Calculate the remainder when 3251225 is divided by 57039.
2
Calculate the remainder when 1092949 is divided by 7006.
13
What is the remainder when 23313224 is divided by 135542?
0
What is the remainder when 534012 is divided by 262?
56
Calculate the remainder when 21976498 is divided by 84.
82
Calculate the remainder when 845956 is divided by 1018.
1016
What is the remainder when 109124 is divided by 321?
305
What is the remainder when 1751028 is divided by 159175?
103
What is the remainder when 2377953 is divided by 113235?
18
What is the remainder when 17406528 is divided by 572?
568
Calculate the remainder when 275859 is divided by 137925.
9
What is the remainder when 31568 is divided by 5744?
2848
C